2*g + 10*g - 160 = 0. List the prime factors of g.
2, 5
What are the prime factors of 3/(9/6) - -60?
2, 31
Let v = -10 + 10. Suppose -128 = 2*y - 7*y + 3*o, o + 1 = v. List the prime factors of y.
5
Let k(y) = y - 11. Suppose -3*f - 17 = -3*u - 2*f, -5*u + 25 = -5*f. Let r be k(u). Let o = 7 - r. What are the prime factors of o?
2, 3
Suppose -6*j = -2*j - 112. Suppose 6*y - 4*y = 3*c - 23, 2*y + j = 4*c. List the prime factors of c.
5
Let k(n) = -n**2 + 11*n - 5. Let t be k(10). Suppose -t*f + 7*p = 4*p + 13, -5*f - 45 = 5*p. Let z = 10 + f. List the prime factors of z.
5
List the prime factors of 1 + -1 + 8 + 29.
37
Let i(s) = -7*s**3 + 11*s**2 + 2*s + 2. Let u(d) = 6*d**3 - 10*d**2 - 3*d - 2. Let o(p) = -5*i(p) - 6*u(p). List the prime factors of o(6).
2, 7
Let u be 30/(-8)*(5 - 17). Suppose 3*t = 5*i - 90, -5*i - 18 - 12 = t. Let h = u + t. List the prime factors of h.
3, 5
Let b = 13 - 13. Suppose -f - 3 + 36 = b. List the prime factors of f.
3, 11
Let t = 6 + -3. Suppose t*n = 2*n + 13. List the prime factors of n.
13
List the prime factors of -1 + -16*(-4)/8.
7
Suppose -2*r + 7*r = 15. Suppose 4*a + f = 151, 0 = 5*a + r*f + 33 - 220. What are the prime factors of a?
2, 19
Let s(o) = 20*o + 2. What are the prime factors of s(2)?
2, 3, 7
Suppose 295 = 4*h - 137. List the prime factors of h.
2, 3
Let f = -3 - -8. Let y(z) = z - 1. What are the prime factors of y(f)?
2
Let t(b) be the third derivative of b**6/60 - b**5/20 + 5*b**4/24 - b**3/2 + 2*b**2. List the prime factors of t(3).
3, 13
Let h = 6 - 5. Let x be ((-15)/(-6))/(2/4). Let r = x + h. List the prime factors of r.
2, 3
List the prime factors of 4 - 591/6*-2*1.
3, 67
Let i(q) = q + 11. Let k be (3 - 0) + 0 - 1. Suppose 4*u + j + 2 = 0, 2*j + 2 = -k. What are the prime factors of i(u)?
11
Let a(i) be the second derivative of -i**3/6 + 13*i**2/2 + 2*i. What are the prime factors of a(9)?
2
Suppose 99 = -2*k + 5*k. What are the prime factors of k?
3, 11
Let u = -20 - -57. What are the prime factors of u?
37
Let y be 9/((-27)/(-8) - 3). Let v = -15 + y. What are the prime factors of v?
3
Suppose -8*p + 10 + 86 = 0. What are the prime factors of p?
2, 3
Let n = 46 + -21. What are the prime factors of n?
5
Suppose -x + 24 = -0*x. What are the prime factors of x?
2, 3
Let k = 26 + -9. Suppose -22 = -5*a - 2*v, 0 = -4*a - 2*v + v + k. Suppose a*l = l + 36. List the prime factors of l.
2, 3
Let q(c) = -c**3 + c**2 - 2*c + 1. What are the prime factors of q(-2)?
17
Suppose 4*v + o - 10 = -3, 3*o = 2*v - 7. Suppose 32 = 5*m - 4*f, -2*f - 26 = -v*m - 7*f. What are the prime factors of m?
2
Suppose -h - 151 = -3*q, -h = -7*q + 2*q + 253. List the prime factors of q.
3, 17
Suppose -5*b - 2*z + 3*z = -20, -4*z = -b + 23. Suppose -y + 31 = b*f + 2*f, 3*y = f + 13. List the prime factors of y.
2, 3
Suppose 2*p = -8, 3*y = 2*y + 3*p + 9. Let g = y - 2. List the prime factors of (-2)/g - 96/(-10).
2, 5
List the prime factors of (((-3)/(-2))/3)/((-17)/(-4216)).
2, 31
Let t(w) be the first derivative of w**6/120 + 2*w**5/15 + 3*w**3/2 + w**2 + 1. Let f(r) be the second derivative of t(r). List the prime factors of f(-8).
3
Let x(k) = -2*k + k**2 + 7*k - 5 - k. Let p be x(-5). Suppose p = -5*d - 0*d + 40. List the prime factors of d.
2
Suppose 119 = -4*f - 2*g + 309, -5*f - 3*g + 240 = 0. List the prime factors of f.
3, 5
Suppose -k = -0*k. Suppose k = j + j - 10. Suppose 21 - 6 = j*c. List the prime factors of c.
3
Suppose 185 = 2*o + 33. What are the prime factors of o?
2, 19
Suppose -w - 2 = 1. Let q(x) = -5*x. List the prime factors of q(w).
3, 5
Let w(x) = x**2 + x + 3. What are the prime factors of w(-6)?
3, 11
Suppose -9 = 4*g - 1. Let v(p) = -p**3 + 3*p**2 - 2. List the prime factors of v(g).
2, 3
Suppose 75 = 5*u + 4*r + r, 3*u - 4*r - 45 = 0. List the prime factors of u.
3, 5
Let j be (-2 + 0)/(1 - -1). Let x = 2 - j. What are the prime factors of x?
3
Suppose 0*h - 3*k = 3*h - 270, 4*k = -3*h + 265. What are the prime factors of h?
5, 19
Let w(k) = 4*k - 3. Let f be w(5). Let o = f - 3. List the prime factors of o.
2, 7
Let s = 1 + -1. Suppose s = -2*q - 3*q + 105. What are the prime factors of q?
3, 7
Suppose -2*a - 7 - 27 = -3*o, 4*o - 32 = -4*a. What are the prime factors of (-4)/o - 117/(-5)?
23
Suppose -5*l - 1 + 6 = 0. What are the prime factors of (3 - l) + -1 - -7?
2
Suppose 5*f = p + 132 + 43, 58 = 2*f + 2*p. Suppose -f = 5*v + 4*q - 123, 0 = -4*v - 2*q + 76. What are the prime factors of v?
3, 7
Let x(s) = s + 6 - 7 + 2*s. What are the prime factors of x(3)?
2
Suppose 0 = 4*o - 94 - 70. What are the prime factors of o?
41
Let a(r) = -r + 13. Suppose 3*x + x = 36. Let n be a(x). List the prime factors of 3/n + 34/8.
5
Let w = -98 + 141. What are the prime factors of w?
43
Let h be 2/6 - 46/3. Let o = h - -36. What are the prime factors of o?
3, 7
Suppose 23 = -2*g + 239. What are the prime factors of g?
2, 3
Suppose u - 3*y - 25 = 0, 9 + 6 = 2*u + y. List the prime factors of u.
2, 5
Let r(z) = 12*z**2 + 7*z + 5. List the prime factors of r(-2).
3, 13
Suppose 10*l = 5*l + 85. List the prime factors of l.
17
Suppose -4*z = 3*j - 684, -4*j = -5*j. What are the prime factors of z?
3, 19
Let i = -23 + 17. What are the prime factors of (2 + (-4)/1)*i?
2, 3
Let z be (4 - 2) + (2 - -2). Let i be z/15 + 396/10. Suppose -4*c + 8 = 0, -2*k + i = -4*c + 2. List the prime factors of k.
23
Let x(z) = -z**3 + 2*z - 1. Suppose -6*o - 6 = -3*o. Let t be x(o). List the prime factors of 14/(-3)*t/(-2).
7
Suppose 4*z + z + 2*k = 19, -4*k = z + 7. Suppose 0*v + 3*n + 34 = z*v, 3*v + 3*n = 6. What are the prime factors of v?
5
Let m(u) = u + 17. Let q be m(-12). Suppose q*o - 3*x - 6 = 13, 4*o - 17 = 3*x. Suppose 3*y + o*y - 4*c = 93, -5*y + 5*c = -95. List the prime factors of y.
17
Let m(z) = -z - 5. Let j be m(-6). Let k(x) be the second derivative of 5*x**3/2 - x**2/2 + 3*x. List the prime factors of k(j).
2, 7
Suppose -4*z = -3*q + 18 - 107, 3*q = 2*z - 37. What are the prime factors of z?
2, 13
Let t(m) = -2*m - 14 - 1 + 0*m. What are the prime factors of t(-13)?
11
Suppose 0 = 3*r - o + 3*o - 22, -4*r = -4*o - 56. List the prime factors of r.
2, 5
Let t(c) = 42*c - 13. What are the prime factors of t(3)?
113
Let i be 6 + 1 - (5 - 3). Suppose 0 = -s - h + 3*h + 10, 5*h + 10 = -i*s. Suppose 0 = 3*u - s*u - 14. What are the prime factors of u?
2, 7
Let z(t) = -t**2 + t. Let j(u) = 5*u**2 + 2*u - 1. Let d(c) = j(c) + 4*z(c). List the prime factors of d(-8).
3, 5
Let k(d) = d**2 - 5*d + 6. Let p = -1 + 7. Suppose 0 = 2*u - 2*o - 18, 2*u - p*u + 5*o + 38 = 0. What are the prime factors of k(u)?
2, 5
Suppose -2*x - 2*m + 66 = 0, m = -3*m. List the prime factors of x.
3, 11
Let p(u) be the third derivative of -u**5/15 - u**4/12 - u**3/6 - 4*u**2. Let h be p(2). Let d = h + 33. List the prime factors of d.
2, 3
Let g = 12 + 0. What are the prime factors of 92/g - 4/6?
7
Let s(j) = -j + 4. Let i be 4/(-6) + 240/9. Suppose -4*l = i + 2. List the prime factors of s(l).
11
What are the prime factors of (-2 + 15/6)/(2/500)?
5
Suppose q = p - 4*p + 23, -2*p = -10. Let l(z) = -z**3 + 9*z**2 - 5*z - 7. List the prime factors of l(q).
17
Suppose 2*m - 94 = -4*k - 3*m, 2*m - 4 = 0. List the prime factors of k.
3, 7
Suppose -5*f + r + 642 = -691, -5*f - r = -1337. List the prime factors of f.
3, 89
Let z(f) = f. Let m be z(-4). Let a(w) = 1 - 4*w**2 - 2*w - w**3 - 5 - 1. What are the prime factors of a(m)?
3
Let l be 35 + -1*(-3 - -1). Let i = l - 24. What are the prime factors of i?
13
Let b(h) = h + 18. Let a be b(-11). List the prime factors of a/((-7)/(-30)) - -2.
2
List the prime factors of 860/20 + 1*4.
47
Let z(d) = -d + 8. Let u(v) = 3*v. Let s = -3 - -5. Let p be u(s). What are the prime factors of z(p)?
2
Suppose 4*t + 8 = 0, 0 = -3*v - 4*t + 5*t + 17. Suppose -105 = -5*c + 5*y, c - 42 = -c + v*y. Let r = 33 - c. List the prime factors of r.
2, 3
What are the prime factors of 252 + 0 - (24 - 21)?
3, 83
Suppose -k = -4*k + 6. Suppose -3*r - 12 = 0, 4*q - k*q + r - 90 = 0. List the prime factors of q.
47
Suppose 5*d - 2 = -27, 10 = 5*p + d. Let n(k) = 2*k - 1. Let c be n(p). Suppose b = c*x - 2*b - 37, -b - 4 = 0. List the prime factors of x.
5
Let f = 6 + -4. Suppose 5*b + 4*g = 180, -3*b - f*g = g - 1